 + c*w. Calculate the remainder when w is divided by 10.
8
Let r(o) be the first derivative of 1/2*o**2 + 5*o - 2. Calculate the remainder when 18 is divided by r(5).
8
Let u(h) = 89*h**2 + 5*h - 3. What is the remainder when u(1) is divided by 23?
22
Suppose -414 = 6*h - 9*h. Calculate the remainder when h is divided by 36.
30
Let o(a) = 4*a**2 + 10*a - 2. What is the remainder when o(-5) is divided by 17?
14
Let y(t) = -t**2 + 4*t. What is the remainder when y(3) is divided by 2?
1
Suppose 50 + 82 = 6*i. Calculate the remainder when 65 is divided by i.
21
Suppose 4*s - 74 = 2*s. What is the remainder when s is divided by 10?
7
What is the remainder when 89 is divided by ((-46)/4)/((-10)/20)?
20
Let x = -13 - -20. Suppose 3*b = -4*q + 59, 3 - x = -2*q. What is the remainder when 67 is divided by b?
16
Let l = 14 + -9. Suppose -2*z + 3 = -4*z + l*b, b + 3 = z. Let j(a) = 5*a - 4. Calculate the remainder when j(5) is divided by z.
3
Let f = 18 + -10. Suppose t = 5*t - f. Suppose -t*x = -4*p - 4*x + 32, 24 = 3*p + x. What is the remainder when p is divided by 3?
2
Suppose -3*w - 5*i = -175, 0 = -3*w - 0*i + 2*i + 161. Calculate the remainder when w is divided by 14.
13
Let v be (2 + 0)/(-2) - -2. Let f = 4 + v. Suppose -100 = -4*t + 4*r, 73 = 3*t + t + f*r. What is the remainder when t is divided by 6?
4
Suppose 2*j = j + 14. Suppose 2*b + p + 0 = 15, -2 = 2*p. Calculate the remainder when j is divided by b.
6
Calculate the remainder when 42 is divided by (11/(-1))/(1 + -2).
9
What is the remainder when 115 is divided by ((-3)/(-2) + -1)*(-390)/(-5)?
37
Suppose -2*c - g = -0 - 7, 0 = g - 3. Suppose 0 = c*m - 32 - 8. Let k(j) = 5*j**2 - 5*j - 2. Calculate the remainder when k(4) is divided by m.
18
Let y = 0 + 1. Let j = -5 + 19. What is the remainder when -1*y + (0 - -42) is divided by j?
13
Let g = -2 - -17. Let x(z) = -z**2 + 7*z - 8. Calculate the remainder when g is divided by x(3).
3
Calculate the remainder when 78 is divided by (-1370)/(-50) + 2/(-5).
24
Let n(g) be the first derivative of g**2/2 - 2*g + 2. Let l be n(4). Calculate the remainder when -3 + 8 - l - -2 is divided by 4.
1
Let b be (-327)/(-4) - 1/(-4). Calculate the remainder when 58 is divided by b/4 - 1/2.
18
Let m = -4 - -17. What is the remainder when m is divided by 6?
1
Let y(o) = -o**3 - 7*o**2 - 7*o - 9. Calculate the remainder when y(-7) is divided by 11.
7
Let z be 1*-12*4/(-8). Let b = 4 + z. Calculate the remainder when (1/2)/(2/116) is divided by b.
9
Let m = 7 - 3. Suppose 37 = -m*d + 121. Suppose 2*r + 2*j - d = -3*j, 5*j - 5 = 0. Calculate the remainder when 14 is divided by r.
6
Let f = -6 - -4. Suppose 4*u - 12 = 2*u. What is the remainder when (1 + 14)/((-3)/f) is divided by u?
4
Suppose 5*y + 3*l = 8*l - 20, l = -5*y + 4. Suppose -2*t + 166 = -y*s + 5*s, 2*t + 4 = 0. Let g = s + -13. What is the remainder when g is divided by 11?
10
Suppose 15*u - 2*u = 2015. Calculate the remainder when u is divided by 26.
25
Let x(t) = -2*t + 12. Calculate the remainder when x(-9) is divided by 16.
14
Suppose 5*k - 16 - 75 = 4*l, 3*k + 5*l - 25 = 0. Suppose -2*w - 1 - 7 = -3*x, 2*x - 6 = 2*w. Suppose 6 = y - x. What is the remainder when k is divided by y?
7
Let t(i) = -3*i - 11. What is the remainder when 10 is divided by t(-6)?
3
Let f(h) = -1 - 2*h + h + 3. What is the remainder when (1 - 0) + 11 - 0 is divided by f(-5)?
5
Let s(q) = q**3 + 4*q**2 - 5*q + 4. Let x be s(4). Suppose -3*r - x = -7*r. Suppose 0 = -u - 3*u + 40. Calculate the remainder when r is divided by u.
8
Let i = 3 - 0. Suppose 143 = 5*m + i*t - 0*t, 116 = 4*m + 2*t. Let f(y) = -8*y - 5. What is the remainder when m is divided by f(-2)?
9
Suppose -3*n - 6 = -5*n. What is the remainder when 6 is divided by n?
0
Let j = 3 - -28. Calculate the remainder when j is divided by 9.
4
Let d = 15 - 43. Let t = 63 + d. What is the remainder when t is divided by 9?
8
Suppose -2*g = -6*g + 72. Let x = g + -3. Suppose -j + 2*i + x = 0, 0*j + 2*i = -j + 23. What is the remainder when j is divided by 7?
5
Let u(v) be the first derivative of v**3/3 + v**2/2 - 2*v - 2. Suppose 3*o - 36 = -6. What is the remainder when u(4) is divided by o?
8
Let r = -9 - -19. Suppose 0 = -4*p + 3*p + 78. Suppose 0*v + p = 2*v. What is the remainder when v is divided by r?
9
Let b = -20 + 48. Suppose 5*k - k - b = 0. Suppose -k - 5 = -3*x. Calculate the remainder when x is divided by 3.
1
Let w = 64 + -63. Calculate the remainder when 1 is divided by w.
0
Suppose 5*j = f - 16, 3*f + 0*f - 96 = -j. Calculate the remainder when f is divided by 17.
14
Suppose 3*c - 111 = -426. What is the remainder when 25 is divided by (-8)/6*c/10?
11
Suppose w = 2*w - 6. Let z(t) = 6*t + 2. Let k be z(w). Suppose b - k = -b. What is the remainder when 55 is divided by b?
17
Suppose -5*k = -130 - 15. Calculate the remainder when k is divided by 5.
4
Let s = 25 + -4. Calculate the remainder when 125 is divided by s.
20
Suppose -1 = -x + 2*l, -2*x - 3*l + 4*l + 17 = 0. Calculate the remainder when x is divided by 4.
3
Let u = 26 + -23. Suppose 3*f - 96 = -u*z, -4*z = z + 4*f - 156. Let k = 5 + 5. Calculate the remainder when z is divided by k.
8
Suppose -140 = -4*u + 5*w, 2*u + w - 164 = -2*u. What is the remainder when 18 is divided by ((-4)/(-8))/(2/u)?
8
Let a(k) = k**3 - 9*k**2 + k - 12. Let d be a(9). Let s = d + 6. Calculate the remainder when 7 is divided by s.
1
Suppose 0 = -5*o + o + 72. Suppose a - o = 2*p + 2*p, 3*a - p = 65. Calculate the remainder when 86 is divided by a.
20
Let v = 87 - 51. What is the remainder when v is divided by 19?
17
Suppose -5*q - 3*k + 28 = -58, -4*q = 5*k - 61. What is the remainder when 75 is divided by q?
18
Let j(p) be the second derivative of -p**3/6 + p**2 + 2*p. What is the remainder when j(-7) is divided by 3?
0
Let u be 4/3 + (-4)/(-6). Suppose j - 2*j = -u. What is the remainder when (56/12)/(-2*(-3)/9) is divided by j?
1
Let a = 33 - 26. Calculate the remainder when 13 is divided by a.
6
Let q be 4/(-4) + 2 - 17. Let c = 21 - q. What is the remainder when c is divided by 10?
7
Let y(l) = l**3 - 9*l**2 + 17*l - 11. What is the remainder when 28 is divided by y(7)?
8
Let c = 19 - 12. What is the remainder when c is divided by 2?
1
Suppose 0 = 3*o + 4 + 2, -70 = -2*q + o. Calculate the remainder when q is divided by 6.
4
Suppose -161 - 14 = 5*r. Let w = -23 - r. Calculate the remainder when 23 is divided by w.
11
Let z(i) = 6*i + 8. What is the remainder when z(6) is divided by (2/(-4))/((-8099)/(-624) - 13)?
20
Suppose 5*l + 4*t = 92, -3*l + t + t = -64. Suppose -200 = -5*h - 10. Calculate the remainder when h is divided by l.
18
Let y be 5/((2 - 3) + 2). Suppose 3*f + 2*c - 3*c = 48, -y*c = -3*f + 48. What is the remainder when 47 is divided by f?
15
Suppose 3*h - 2*b - 4 = 0, 2*h - 3 + 11 = -4*b. Suppose 0 = -h*p - 3*p + 69. What is the remainder when p is divided by 23/2 + (-2)/(-4)?
11
Suppose 36 = -25*s + 29*s. Suppose 6*x - 10 = 4*x. What is the remainder when s is divided by x?
4
Let g(j) = -j**2 - 3*j - 1. Let q be g(-3). What is the remainder when (q - -2)/(1/36) is divided by 19?
17
Let c be (-52)/(-1) - (-8)/(-8). Let u = c - 36. What is the remainder when 44 is divided by u?
14
Suppose 0 = 2*h - 5*u - 34, 4*h - h - 4*u - 44 = 0. What is the remainder when h is divided by 7?
5
Let j = 15 + -19. Calculate the remainder when 22 is divided by -12*(-1)/(j/(-2)).
4
Let z(o) = o**3 + 8*o**2 - 2*o - 12. Let d be z(-8). Let j = d - 2. Calculate the remainder when 7 is divided by j.
1
Let k(p) = 3*p + 1. Suppose 5*j = 20 + 30. What is the remainder when k(6) is divided by j?
9
Suppose 5*o - 4*v - 8 = -0, -o - 2*v - 4 = 0. Suppose -4*c + o*c - 88 = 0. Let l = -15 - c. What is the remainder when 12 is divided by l?
5
Suppose -162 = -4*m + 146. What is the remainder when m is divided by 26?
25
Suppose 5*f - 9 = -2*s + 2*f, 4*s + 3*f - 33 = 0. Calculate the remainder when 34 is divided by s.
10
Let s = -24 + 111. What is the remainder when s is divided by 45?
42
Let f = 80 - -15. Calculate the remainder when f is divided by 24.
23
Let q(h) = h**2 + 14*h - 27. Suppose 5*k = 90 - 0. Calculate the remainder when k is divided by q(-16).
3
Let h = -619 + 406. Let y = -122 - h. Calculate the remainder when y is d